{"version":"1.0","provider_name":"Biennale Culturelle Ma\u00e7onnique de Bordeaux","provider_url":"https:\/\/www.imaq.fr\/blog","author_name":"BCMB","author_url":"https:\/\/www.imaq.fr\/blog\/author\/pomirol\/","title":"Programme 2016 - Biennale Culturelle Ma\u00e7onnique de Bordeaux","type":"rich","width":600,"height":338,"html":"<blockquote class=\"wp-embedded-content\" data-secret=\"Gl5GQNqeMv\"><a href=\"https:\/\/www.imaq.fr\/blog\/2016\/03\/286\/\">Programme 2016<\/a><\/blockquote><iframe sandbox=\"allow-scripts\" security=\"restricted\" src=\"https:\/\/www.imaq.fr\/blog\/2016\/03\/286\/embed\/#?secret=Gl5GQNqeMv\" width=\"600\" height=\"338\" title=\"\u00ab\u00a0Programme 2016\u00a0\u00bb &#8212; Biennale Culturelle Ma\u00e7onnique de Bordeaux\" data-secret=\"Gl5GQNqeMv\" frameborder=\"0\" marginwidth=\"0\" marginheight=\"0\" scrolling=\"no\" class=\"wp-embedded-content\"><\/iframe><script>\n\/*! This file is auto-generated *\/\n!function(d,l){\"use strict\";l.querySelector&&d.addEventListener&&\"undefined\"!=typeof URL&&(d.wp=d.wp||{},d.wp.receiveEmbedMessage||(d.wp.receiveEmbedMessage=function(e){var t=e.data;if((t||t.secret||t.message||t.value)&&!\/[^a-zA-Z0-9]\/.test(t.secret)){for(var s,r,n,a=l.querySelectorAll('iframe[data-secret=\"'+t.secret+'\"]'),o=l.querySelectorAll('blockquote[data-secret=\"'+t.secret+'\"]'),c=new RegExp(\"^https?:$\",\"i\"),i=0;i<o.length;i++)o[i].style.display=\"none\";for(i=0;i<a.length;i++)s=a[i],e.source===s.contentWindow&&(s.removeAttribute(\"style\"),\"height\"===t.message?(1e3<(r=parseInt(t.value,10))?r=1e3:~~r<200&&(r=200),s.height=r):\"link\"===t.message&&(r=new URL(s.getAttribute(\"src\")),n=new URL(t.value),c.test(n.protocol))&&n.host===r.host&&l.activeElement===s&&(d.top.location.href=t.value))}},d.addEventListener(\"message\",d.wp.receiveEmbedMessage,!1),l.addEventListener(\"DOMContentLoaded\",function(){for(var e,t,s=l.querySelectorAll(\"iframe.wp-embedded-content\"),r=0;r<s.length;r++)(t=(e=s[r]).getAttribute(\"data-secret\"))||(t=Math.random().toString(36).substring(2,12),e.src+=\"#?secret=\"+t,e.setAttribute(\"data-secret\",t)),e.contentWindow.postMessage({message:\"ready\",secret:t},\"*\")},!1)))}(window,document);\n\/\/# sourceURL=https:\/\/www.imaq.fr\/blog\/wp-includes\/js\/wp-embed.min.js\n<\/script>\n","description":"Samedi 16\u00a0avril 2016 \u00a0 Dimanche 17\u00a0avril 2016 9h00 Inauguration officielle de la Biennale en pr\u00e9sence de Mich\u00e8le DELAUNAY, ancienne ministre, d\u00e9put\u00e9 de la Gironde, et Daniel KELLER, Grand Ma\u00eetre du GODF 9h30 Ouverture des portes 9h30 \u00ab Le Grand Architecte de l&rsquo;Univers: \u00a0du symbole \u00e0 la fracture \u00bb avec Robert KALBACH, mod\u00e9rateur :\u00a0Liliane BASSET 10h00 [&hellip;]"}

Biennale Culturelle Maçonnique de Bordeaux

Programme 2016 - Biennale Culturelle Maçonnique de Bordeaux

<blockquote class="wp-embedded-content" data-secret="Gl5GQNqeMv"><a href="https://www.imaq.fr/blog/2016/03/286/">Programme 2016</a></blockquote><iframe sandbox="allow-scripts" security="restricted" src="https://www.imaq.fr/blog/2016/03/286/embed/#?secret=Gl5GQNqeMv" width="600" height="338" title="« Programme 2016 » &#8212; Biennale Culturelle Maçonnique de Bordeaux" data-secret="Gl5GQNqeMv" frameborder="0" marginwidth="0" marginheight="0" scrolling="no" class="wp-embedded-content"></iframe><script>
/*! This file is auto-generated */
!function(d,l){"use strict";l.querySelector&&d.addEventListener&&"undefined"!=typeof URL&&(d.wp=d.wp||{},d.wp.receiveEmbedMessage||(d.wp.receiveEmbedMessage=function(e){var t=e.data;if((t||t.secret||t.message||t.value)&&!/[^a-zA-Z0-9]/.test(t.secret)){for(var s,r,n,a=l.querySelectorAll('iframe[data-secret="'+t.secret+'"]'),o=l.querySelectorAll('blockquote[data-secret="'+t.secret+'"]'),c=new RegExp("^https?:$","i"),i=0;i<o.length;i++)o[i].style.display="none";for(i=0;i<a.length;i++)s=a[i],e.source===s.contentWindow&&(s.removeAttribute("style"),"height"===t.message?(1e3<(r=parseInt(t.value,10))?r=1e3:~~r<200&&(r=200),s.height=r):"link"===t.message&&(r=new URL(s.getAttribute("src")),n=new URL(t.value),c.test(n.protocol))&&n.host===r.host&&l.activeElement===s&&(d.top.location.href=t.value))}},d.addEventListener("message",d.wp.receiveEmbedMessage,!1),l.addEventListener("DOMContentLoaded",function(){for(var e,t,s=l.querySelectorAll("iframe.wp-embedded-content"),r=0;r<s.length;r++)(t=(e=s[r]).getAttribute("data-secret"))||(t=Math.random().toString(36).substring(2,12),e.src+="#?secret="+t,e.setAttribute("data-secret",t)),e.contentWindow.postMessage({message:"ready",secret:t},"*")},!1)))}(window,document);
//# sourceURL=https://www.imaq.fr/blog/wp-includes/js/wp-embed.min.js
</script>

Samedi 16 avril 2016   Dimanche 17 avril 2016 9h00 Inauguration officielle de la Biennale en présence de Michèle DELAUNAY, ancienne ministre, député de la Gironde, et Daniel KELLER, Grand Maître du GODF 9h30 Ouverture des portes 9h30 « Le Grand Architecte de l&rsquo;Univers:  du symbole à la fracture » avec Robert KALBACH, modérateur : Liliane BASSET 10h00 [&hellip;]
