{"version":"1.0","provider_name":"Biennale Culturelle Ma\u00e7onnique de Bordeaux","provider_url":"https:\/\/www.imaq.fr\/blog","author_name":"BCMB","author_url":"https:\/\/www.imaq.fr\/blog\/author\/pomirol\/","title":"Communiqu\u00e9 du DH - Guyanne - Biennale Culturelle Ma\u00e7onnique de Bordeaux","type":"rich","width":600,"height":338,"html":"<blockquote class=\"wp-embedded-content\" data-secret=\"u9sEyOg5rI\"><a href=\"https:\/\/www.imaq.fr\/blog\/2017\/04\/communique-du-dh-guyanne\/\">Communiqu\u00e9 du DH &#8211; Guyanne<\/a><\/blockquote><iframe sandbox=\"allow-scripts\" security=\"restricted\" src=\"https:\/\/www.imaq.fr\/blog\/2017\/04\/communique-du-dh-guyanne\/embed\/#?secret=u9sEyOg5rI\" width=\"600\" height=\"338\" title=\"\u00ab\u00a0Communiqu\u00e9 du DH &#8211; Guyanne\u00a0\u00bb &#8212; Biennale Culturelle Ma\u00e7onnique de Bordeaux\" data-secret=\"u9sEyOg5rI\" frameborder=\"0\" marginwidth=\"0\" marginheight=\"0\" scrolling=\"no\" class=\"wp-embedded-content\"><\/iframe><script>\n\/*! This file is auto-generated *\/\n!function(d,l){\"use strict\";l.querySelector&&d.addEventListener&&\"undefined\"!=typeof URL&&(d.wp=d.wp||{},d.wp.receiveEmbedMessage||(d.wp.receiveEmbedMessage=function(e){var t=e.data;if((t||t.secret||t.message||t.value)&&!\/[^a-zA-Z0-9]\/.test(t.secret)){for(var s,r,n,a=l.querySelectorAll('iframe[data-secret=\"'+t.secret+'\"]'),o=l.querySelectorAll('blockquote[data-secret=\"'+t.secret+'\"]'),c=new RegExp(\"^https?:$\",\"i\"),i=0;i<o.length;i++)o[i].style.display=\"none\";for(i=0;i<a.length;i++)s=a[i],e.source===s.contentWindow&&(s.removeAttribute(\"style\"),\"height\"===t.message?(1e3<(r=parseInt(t.value,10))?r=1e3:~~r<200&&(r=200),s.height=r):\"link\"===t.message&&(r=new URL(s.getAttribute(\"src\")),n=new URL(t.value),c.test(n.protocol))&&n.host===r.host&&l.activeElement===s&&(d.top.location.href=t.value))}},d.addEventListener(\"message\",d.wp.receiveEmbedMessage,!1),l.addEventListener(\"DOMContentLoaded\",function(){for(var e,t,s=l.querySelectorAll(\"iframe.wp-embedded-content\"),r=0;r<s.length;r++)(t=(e=s[r]).getAttribute(\"data-secret\"))||(t=Math.random().toString(36).substring(2,12),e.src+=\"#?secret=\"+t,e.setAttribute(\"data-secret\",t)),e.contentWindow.postMessage({message:\"ready\",secret:t},\"*\")},!1)))}(window,document);\n\/\/# sourceURL=https:\/\/www.imaq.fr\/blog\/wp-includes\/js\/wp-embed.min.js\n<\/script>\n","description":"Depuis deux semaines la Guyane conna\u00eet un tr\u00e8s large mouvement de protestation dans lequel s\u2019engagent des citoyens hommes et femmes de tous \u00e2ges et toutes professions. Il s\u2019agit d\u2019obtenir une remise \u00e0 niveau g\u00e9n\u00e9rale concernant tous les aspects de la vie et de l\u2019activit\u00e9 du d\u00e9partement. Un retard consid\u00e9rable s\u2019est accumul\u00e9, le vivre ensemble est [&hellip;]"}

Biennale Culturelle Maçonnique de Bordeaux

Communiqué du DH - Guyanne - Biennale Culturelle Maçonnique de Bordeaux

<blockquote class="wp-embedded-content" data-secret="u9sEyOg5rI"><a href="https://www.imaq.fr/blog/2017/04/communique-du-dh-guyanne/">Communiqué du DH &#8211; Guyanne</a></blockquote><iframe sandbox="allow-scripts" security="restricted" src="https://www.imaq.fr/blog/2017/04/communique-du-dh-guyanne/embed/#?secret=u9sEyOg5rI" width="600" height="338" title="« Communiqué du DH &#8211; Guyanne » &#8212; Biennale Culturelle Maçonnique de Bordeaux" data-secret="u9sEyOg5rI" frameborder="0" marginwidth="0" marginheight="0" scrolling="no" class="wp-embedded-content"></iframe><script>
/*! This file is auto-generated */
!function(d,l){"use strict";l.querySelector&&d.addEventListener&&"undefined"!=typeof URL&&(d.wp=d.wp||{},d.wp.receiveEmbedMessage||(d.wp.receiveEmbedMessage=function(e){var t=e.data;if((t||t.secret||t.message||t.value)&&!/[^a-zA-Z0-9]/.test(t.secret)){for(var s,r,n,a=l.querySelectorAll('iframe[data-secret="'+t.secret+'"]'),o=l.querySelectorAll('blockquote[data-secret="'+t.secret+'"]'),c=new RegExp("^https?:$","i"),i=0;i<o.length;i++)o[i].style.display="none";for(i=0;i<a.length;i++)s=a[i],e.source===s.contentWindow&&(s.removeAttribute("style"),"height"===t.message?(1e3<(r=parseInt(t.value,10))?r=1e3:~~r<200&&(r=200),s.height=r):"link"===t.message&&(r=new URL(s.getAttribute("src")),n=new URL(t.value),c.test(n.protocol))&&n.host===r.host&&l.activeElement===s&&(d.top.location.href=t.value))}},d.addEventListener("message",d.wp.receiveEmbedMessage,!1),l.addEventListener("DOMContentLoaded",function(){for(var e,t,s=l.querySelectorAll("iframe.wp-embedded-content"),r=0;r<s.length;r++)(t=(e=s[r]).getAttribute("data-secret"))||(t=Math.random().toString(36).substring(2,12),e.src+="#?secret="+t,e.setAttribute("data-secret",t)),e.contentWindow.postMessage({message:"ready",secret:t},"*")},!1)))}(window,document);
//# sourceURL=https://www.imaq.fr/blog/wp-includes/js/wp-embed.min.js
</script>

Depuis deux semaines la Guyane connaît un très large mouvement de protestation dans lequel s’engagent des citoyens hommes et femmes de tous âges et toutes professions. Il s’agit d’obtenir une remise à niveau générale concernant tous les aspects de la vie et de l’activité du département. Un retard considérable s’est accumulé, le vivre ensemble est [&hellip;]
