{"version":"1.0","provider_name":"Biennale Culturelle Ma\u00e7onnique de Bordeaux","provider_url":"https:\/\/www.imaq.fr\/blog","author_name":"BCMB","author_url":"https:\/\/www.imaq.fr\/blog\/author\/pomirol\/","title":"5\u00e8me Biennale Culturelle Ma\u00e7onnique de Bordeaux les 14 et 15 octobre 2023 - Biennale Culturelle Ma\u00e7onnique de Bordeaux","type":"rich","width":600,"height":338,"html":"<blockquote class=\"wp-embedded-content\" data-secret=\"rxnOCCYH7A\"><a href=\"https:\/\/www.imaq.fr\/blog\/2023\/10\/5eme-biennale-les-14-et-15-octobre-2023\/\">5\u00e8me Biennale Culturelle Ma\u00e7onnique de Bordeaux les 14 et 15 octobre 2023<\/a><\/blockquote><iframe sandbox=\"allow-scripts\" security=\"restricted\" src=\"https:\/\/www.imaq.fr\/blog\/2023\/10\/5eme-biennale-les-14-et-15-octobre-2023\/embed\/#?secret=rxnOCCYH7A\" width=\"600\" height=\"338\" title=\"\u00ab\u00a05\u00e8me Biennale Culturelle Ma\u00e7onnique de Bordeaux les 14 et 15 octobre 2023\u00a0\u00bb &#8212; Biennale Culturelle Ma\u00e7onnique de Bordeaux\" data-secret=\"rxnOCCYH7A\" frameborder=\"0\" marginwidth=\"0\" marginheight=\"0\" scrolling=\"no\" class=\"wp-embedded-content\"><\/iframe><script>\n\/*! This file is auto-generated *\/\n!function(d,l){\"use strict\";l.querySelector&&d.addEventListener&&\"undefined\"!=typeof URL&&(d.wp=d.wp||{},d.wp.receiveEmbedMessage||(d.wp.receiveEmbedMessage=function(e){var t=e.data;if((t||t.secret||t.message||t.value)&&!\/[^a-zA-Z0-9]\/.test(t.secret)){for(var s,r,n,a=l.querySelectorAll('iframe[data-secret=\"'+t.secret+'\"]'),o=l.querySelectorAll('blockquote[data-secret=\"'+t.secret+'\"]'),c=new RegExp(\"^https?:$\",\"i\"),i=0;i<o.length;i++)o[i].style.display=\"none\";for(i=0;i<a.length;i++)s=a[i],e.source===s.contentWindow&&(s.removeAttribute(\"style\"),\"height\"===t.message?(1e3<(r=parseInt(t.value,10))?r=1e3:~~r<200&&(r=200),s.height=r):\"link\"===t.message&&(r=new URL(s.getAttribute(\"src\")),n=new URL(t.value),c.test(n.protocol))&&n.host===r.host&&l.activeElement===s&&(d.top.location.href=t.value))}},d.addEventListener(\"message\",d.wp.receiveEmbedMessage,!1),l.addEventListener(\"DOMContentLoaded\",function(){for(var e,t,s=l.querySelectorAll(\"iframe.wp-embedded-content\"),r=0;r<s.length;r++)(t=(e=s[r]).getAttribute(\"data-secret\"))||(t=Math.random().toString(36).substring(2,12),e.src+=\"#?secret=\"+t,e.setAttribute(\"data-secret\",t)),e.contentWindow.postMessage({message:\"ready\",secret:t},\"*\")},!1)))}(window,document);\n\/\/# sourceURL=https:\/\/www.imaq.fr\/blog\/wp-includes\/js\/wp-embed.min.js\n<\/script>\n","description":"Th\u00e8me de la Biennale L&rsquo;\u00e9thique, un enjeu pour demain T\u00e9l\u00e9charger le programme Les 14 et 15 octobre 2023, au Campus Atlantica \u00e0 Artigues-pr\u00e8s-Bordeaux, dix ob\u00e9diences ma\u00e7onniques adogmatiques et lib\u00e9rales se regroupent pour organiser la 5e Biennale Culturelle Ma\u00e7onnique de Bordeaux. Pour sa 5\u00e8me \u00e9dition, la Biennale explorera le th\u00e8me de l&rsquo;\u00e9thique confront\u00e9e aux grands enjeux [&hellip;]","thumbnail_url":"https:\/\/www.imaq.fr\/blog\/wp-content\/uploads\/2023\/07\/MiConv.com___8f3f7d46-3010-4f6b-ac4e-58d9c2cd69dc.jpeg","thumbnail_width":1024,"thumbnail_height":1024}

Biennale Culturelle Maçonnique de Bordeaux

5ème Biennale Culturelle Maçonnique de Bordeaux les 14 et 15 octobre 2023 - Biennale Culturelle Maçonnique de Bordeaux

<blockquote class="wp-embedded-content" data-secret="rxnOCCYH7A"><a href="https://www.imaq.fr/blog/2023/10/5eme-biennale-les-14-et-15-octobre-2023/">5ème Biennale Culturelle Maçonnique de Bordeaux les 14 et 15 octobre 2023</a></blockquote><iframe sandbox="allow-scripts" security="restricted" src="https://www.imaq.fr/blog/2023/10/5eme-biennale-les-14-et-15-octobre-2023/embed/#?secret=rxnOCCYH7A" width="600" height="338" title="« 5ème Biennale Culturelle Maçonnique de Bordeaux les 14 et 15 octobre 2023 » &#8212; Biennale Culturelle Maçonnique de Bordeaux" data-secret="rxnOCCYH7A" frameborder="0" marginwidth="0" marginheight="0" scrolling="no" class="wp-embedded-content"></iframe><script>
/*! This file is auto-generated */
!function(d,l){"use strict";l.querySelector&&d.addEventListener&&"undefined"!=typeof URL&&(d.wp=d.wp||{},d.wp.receiveEmbedMessage||(d.wp.receiveEmbedMessage=function(e){var t=e.data;if((t||t.secret||t.message||t.value)&&!/[^a-zA-Z0-9]/.test(t.secret)){for(var s,r,n,a=l.querySelectorAll('iframe[data-secret="'+t.secret+'"]'),o=l.querySelectorAll('blockquote[data-secret="'+t.secret+'"]'),c=new RegExp("^https?:$","i"),i=0;i<o.length;i++)o[i].style.display="none";for(i=0;i<a.length;i++)s=a[i],e.source===s.contentWindow&&(s.removeAttribute("style"),"height"===t.message?(1e3<(r=parseInt(t.value,10))?r=1e3:~~r<200&&(r=200),s.height=r):"link"===t.message&&(r=new URL(s.getAttribute("src")),n=new URL(t.value),c.test(n.protocol))&&n.host===r.host&&l.activeElement===s&&(d.top.location.href=t.value))}},d.addEventListener("message",d.wp.receiveEmbedMessage,!1),l.addEventListener("DOMContentLoaded",function(){for(var e,t,s=l.querySelectorAll("iframe.wp-embedded-content"),r=0;r<s.length;r++)(t=(e=s[r]).getAttribute("data-secret"))||(t=Math.random().toString(36).substring(2,12),e.src+="#?secret="+t,e.setAttribute("data-secret",t)),e.contentWindow.postMessage({message:"ready",secret:t},"*")},!1)))}(window,document);
//# sourceURL=https://www.imaq.fr/blog/wp-includes/js/wp-embed.min.js
</script>

Thème de la Biennale L&rsquo;éthique, un enjeu pour demain Télécharger le programme Les 14 et 15 octobre 2023, au Campus Atlantica à Artigues-près-Bordeaux, dix obédiences maçonniques adogmatiques et libérales se regroupent pour organiser la 5e Biennale Culturelle Maçonnique de Bordeaux. Pour sa 5ème édition, la Biennale explorera le thème de l&rsquo;éthique confrontée aux grands enjeux [&hellip;]
